{"id":127,"date":"2020-10-06T10:52:23","date_gmt":"2020-10-06T08:52:23","guid":{"rendered":"http:\/\/csi-dijon.fr\/?page_id=127"},"modified":"2024-08-23T11:30:52","modified_gmt":"2024-08-23T09:30:52","slug":"nous-contacter-03-80-41-66-66","status":"publish","type":"page","link":"https:\/\/csi-dijon.fr\/index.php\/nous-contacter-03-80-41-66-66\/","title":{"rendered":"Nous contacter : 03 80 41 66 66"},"content":{"rendered":"\n<figure class=\"wp-block-image size-full is-resized\"><img loading=\"lazy\" decoding=\"async\" width=\"503\" height=\"448\" src=\"https:\/\/csi-dijon.fr\/wp-content\/uploads\/2023\/07\/logo-juillet-2020.png\" alt=\"\" class=\"wp-image-689\" style=\"width:126px;height:112px\" srcset=\"https:\/\/csi-dijon.fr\/wp-content\/uploads\/2023\/07\/logo-juillet-2020.png 503w, https:\/\/csi-dijon.fr\/wp-content\/uploads\/2023\/07\/logo-juillet-2020-300x267.png 300w\" sizes=\"auto, (max-width: 503px) 100vw, 503px\" \/><\/figure>\n\n\n\n<p class=\"has-medium-font-size\"><strong><em>UNE ASSOCIATION A VOTRE SERVICE<\/em><\/strong><\/p>\n\n\n\n<p class=\"has-text-align-center has-colibri-color-4-color has-text-color has-link-color has-medium-font-size wp-elements-7340873d3afa06d50559dfb3386fac28\"><em><strong>Standard t\u00e9l\u00e9phonique de 8h \u00e0 18h du lundi au vendredi : <\/strong><\/em><\/p>\n\n\n<div class=\"wp-block-image\">\n<figure class=\"alignleft is-resized\"><img loading=\"lazy\" decoding=\"async\" width=\"512\" height=\"512\" src=\"https:\/\/csi-dijon.fr\/wp-content\/uploads\/2020\/10\/phone-512-2.png\" alt=\"\" class=\"wp-image-213\" style=\"width:44px;height:44px\" srcset=\"https:\/\/csi-dijon.fr\/wp-content\/uploads\/2020\/10\/phone-512-2.png 512w, https:\/\/csi-dijon.fr\/wp-content\/uploads\/2020\/10\/phone-512-2-150x150.png 150w, https:\/\/csi-dijon.fr\/wp-content\/uploads\/2020\/10\/phone-512-2-300x300.png 300w, https:\/\/csi-dijon.fr\/wp-content\/uploads\/2020\/10\/phone-512-2-100x100.png 100w\" sizes=\"auto, (max-width: 512px) 100vw, 512px\" \/><\/figure>\n<\/div>\n\n\n<p><a href=\"tel:+33380416666\">03 80 41 66 66 <\/a><\/p>\n\n\n\n<p class=\"has-text-align-center has-colibri-color-2-color has-text-color has-link-color wp-elements-bb144abfa698724f8ffd99e924d44478\"><em><strong>Un r\u00e9pondeur est consult\u00e9 r\u00e9guli\u00e8rement en dehors de ces horaires<\/strong><\/em><br><em><strong>ainsi que les Week-ends et jours f\u00e9ri\u00e9s.<\/strong><\/em><\/p>\n\n\n<div class=\"wp-block-image\">\n<figure class=\"alignleft is-resized\"><img loading=\"lazy\" decoding=\"async\" width=\"380\" height=\"380\" src=\"http:\/\/csi-dijon.fr\/wp-content\/uploads\/2020\/10\/25-512-4.png\" alt=\"\" class=\"wp-image-170\" style=\"width:35px;height:35px\" srcset=\"https:\/\/csi-dijon.fr\/wp-content\/uploads\/2020\/10\/25-512-4.png 380w, https:\/\/csi-dijon.fr\/wp-content\/uploads\/2020\/10\/25-512-4-150x150.png 150w, https:\/\/csi-dijon.fr\/wp-content\/uploads\/2020\/10\/25-512-4-300x300.png 300w, https:\/\/csi-dijon.fr\/wp-content\/uploads\/2020\/10\/25-512-4-100x100.png 100w\" sizes=\"auto, (max-width: 380px) 100vw, 380px\" \/><\/figure>\n<\/div>\n\n\n<p><a href=\"mailto:association@csi-dijon.fr\">association@csi-dijon.fr<\/a><\/p>\n","protected":false},"excerpt":{"rendered":"<p>UNE ASSOCIATION A VOTRE SERVICE Standard t\u00e9l\u00e9phonique de 8h \u00e0 18h du lundi au vendredi : 03 80 41 66 66 Un r\u00e9pondeur est consult\u00e9 r\u00e9guli\u00e8rement en dehors de ces horairesainsi que les Week-ends et jours f\u00e9ri\u00e9s. association@csi-dijon.fr<\/p>\n","protected":false},"author":1,"featured_media":0,"parent":0,"menu_order":0,"comment_status":"closed","ping_status":"closed","template":"","meta":{"footnotes":""},"class_list":["post-127","page","type-page","status-publish","hentry"],"_links":{"self":[{"href":"https:\/\/csi-dijon.fr\/index.php\/wp-json\/wp\/v2\/pages\/127","targetHints":{"allow":["GET"]}}],"collection":[{"href":"https:\/\/csi-dijon.fr\/index.php\/wp-json\/wp\/v2\/pages"}],"about":[{"href":"https:\/\/csi-dijon.fr\/index.php\/wp-json\/wp\/v2\/types\/page"}],"author":[{"embeddable":true,"href":"https:\/\/csi-dijon.fr\/index.php\/wp-json\/wp\/v2\/users\/1"}],"replies":[{"embeddable":true,"href":"https:\/\/csi-dijon.fr\/index.php\/wp-json\/wp\/v2\/comments?post=127"}],"version-history":[{"count":0,"href":"https:\/\/csi-dijon.fr\/index.php\/wp-json\/wp\/v2\/pages\/127\/revisions"}],"wp:attachment":[{"href":"https:\/\/csi-dijon.fr\/index.php\/wp-json\/wp\/v2\/media?parent=127"}],"curies":[{"name":"wp","href":"https:\/\/api.w.org\/{rel}","templated":true}]}}