{"id":117,"date":"2020-10-06T10:34:21","date_gmt":"2020-10-06T08:34:21","guid":{"rendered":"http:\/\/csi-dijon.fr\/?page_id=117"},"modified":"2025-12-10T17:24:32","modified_gmt":"2025-12-10T16:24:32","slug":"lassociation-csi","status":"publish","type":"page","link":"https:\/\/csi-dijon.fr\/index.php\/lassociation-csi\/","title":{"rendered":"L&rsquo;association"},"content":{"rendered":"<div data-colibri-id=\"117-c1\" class=\"style-705 style-local-117-c1 position-relative\">\n  <!---->\n  <div data-colibri-component=\"section\" data-colibri-id=\"117-c2\" id=\"initial-content\" class=\"h-section h-section-global-spacing d-flex align-items-lg-center align-items-md-center align-items-center style-706 style-local-117-c2 position-relative\">\n    <!---->\n    <!---->\n    <div class=\"h-section-grid-container h-section-boxed-container\">\n      <!---->\n      <div data-colibri-id=\"117-c3\" class=\"h-row-container gutters-row-lg-0 gutters-row-md-0 gutters-row-0 gutters-row-v-lg-0 gutters-row-v-md-0 gutters-row-v-0 style-707 style-local-117-c3 position-relative\">\n        <!---->\n        <div class=\"h-row justify-content-lg-center justify-content-md-center justify-content-center align-items-lg-stretch align-items-md-stretch align-items-stretch gutters-col-lg-0 gutters-col-md-0 gutters-col-0 gutters-col-v-lg-0 gutters-col-v-md-0 gutters-col-v-0\">\n          <!---->\n          <div class=\"h-column h-column-container d-flex h-col-lg-auto h-col-md-auto h-col-auto style-712-outer style-local-117-c4-outer\">\n            <div data-colibri-id=\"117-c4\" class=\"d-flex h-flex-basis h-column__inner h-px-lg-0 h-px-md-0 h-px-0 v-inner-lg-0 v-inner-md-0 v-inner-0 style-712 style-local-117-c4 position-relative\">\n              <!---->\n              <!---->\n              <div class=\"w-100 h-y-container h-column__content h-column__v-align flex-basis-100 align-self-lg-start align-self-md-start align-self-start\">\n                <!---->\n                <div data-colibri-id=\"117-c5\" class=\"h-lead h-text h-text-component style-713 style-local-117-c5 position-relative h-element\">\n                  <!---->\n                  <!---->\n                  <div class=\"\">\n                    <p><strong style=\"font-weight: 700; color: rgb(255, 144, 0);\">Implant\u00e9e \u00e0 Dijon, et dans son agglom\u00e9ration, depuis 1954, l&rsquo;association CAP SANT\u00c9 INTERVENTIONS (ex Centres de Soins Infirmiers) est une structure \u00e0 but non lucratif (association loi de 1901), qui \u0153uvre dans le cadre de l\u2019\u00c9conomie Sociale et Solidaire <\/strong>\n                      <br>\n                    <\/p>\n                  <\/div>\n                <\/div>\n                <div data-colibri-id=\"117-c6\" class=\"h-text h-text-component style-714 style-local-117-c6 position-relative h-element\">\n                  <!---->\n                  <!---->\n                  <div class=\"\">\n                    <p><strong>Une \u00e9quipe de professionnels de sant\u00e9 dipl\u00f4m\u00e9s&nbsp;:<\/strong><\/p>\n                    <p>Infirmiers(\u00e8res), aides-soignants(tes), aides-m\u00e9dico-psychologiques, assistantes en soins g\u00e9rontologiques (sp\u00e9cialis\u00e9es dans l\u2019accompagnement des personnes atteintes de la maladie d\u2019Alzheimer),&#8230;<\/p>\n                  <\/div>\n                <\/div>\n                <div data-colibri-id=\"117-c7\" class=\"h-text h-text-component style-715 style-local-117-c7 position-relative h-element\">\n                  <!---->\n                  <!---->\n                  <div class=\"\">\n                    <p><strong style=\"font-weight: 700; color: rgb(255, 144, 0);\">VALEURS ET \u00c9THIQUE :<\/strong><\/p>\n                    <ul>\n                      <li class=\"ql-indent-1\">Le respect de la personne, de ses choix de vie<\/li>\n                      <li class=\"ql-indent-1\">La solidarit\u00e9 par la contribution \u00e0 la coh\u00e9sion sociale et au vivre ensemble<\/li>\n                      <li class=\"ql-indent-1\">L\u2019acc\u00e8s aux soins de qualit\u00e9 pour tous<\/li>\n                      <li class=\"ql-indent-1\">L\u2019utilit\u00e9 sociale, les soins et l\u2019accompagnement permettant de mieux vivre chez soi par une alternative \u00e0 l\u2019hospitalisation ou \u00e0 l\u2019h\u00e9bergement en institution<\/li>\n                      <li class=\"ql-indent-1\">Le respect des r\u00e8gles d\u00e9ontologiques notamment le secret professionnel pour tous les salari\u00e9<\/li>\n                    <\/ul>\n                  <\/div>\n                <\/div>\n                <div data-colibri-id=\"117-c8\" class=\"h-text h-text-component style-716 style-local-117-c8 position-relative h-element\">\n                  <!---->\n                  <!---->\n                  <div class=\"\">\n                    <p><strong style=\"color: rgb(255, 144, 0);\">NOS ENGAGEMENTS&nbsp;:<\/strong><\/p>\n                    <ul>\n                      <li class=\"ql-indent-1\">R\u00e9activit\u00e9<\/li>\n                      <li class=\"ql-indent-1\">Qualit\u00e9<\/li>\n                      <li class=\"ql-indent-1\">Bientraitance<\/li>\n                      <li class=\"ql-indent-1\">\u00c9coute<\/li>\n                      <li class=\"ql-indent-1\">Respect<\/li>\n                      <li class=\"ql-indent-1\">Consid\u00e9ration<\/li>\n                      <li class=\"ql-indent-1\">Confidentialit\u00e9<\/li>\n                    <\/ul>\n                  <\/div>\n                <\/div>\n                <div data-colibri-id=\"117-c9\" class=\"h-text h-text-component style-717 style-local-117-c9 position-relative h-element\">\n                  <!---->\n                  <!---->\n                  <div class=\"\">\n                    <p><strong style=\"color: rgb(255, 144, 0);\">NOS VALEURS AJOUT\u00c9ES :<\/strong><strong><br><\/strong><\/p>\n                    <ul>\n                      <li class=\"ql-indent-1\">Des services engag\u00e9s dans une d\u00e9marche d\u2019am\u00e9lioration continue de la qualit\u00e9 des pratiques professionnelles<\/li>\n                      <li class=\"ql-indent-1\">Des professionnels de sant\u00e9 dipl\u00f4m\u00e9s, qualifi\u00e9s et form\u00e9s notamment \u00e0 la maladie d\u2019Alzheimer et pathologies apparent\u00e9es ainsi qu\u2019\u00e0 des soins techniques complexes<\/li>\n                      <li class=\"ql-indent-1\">Un travail en partenariat et en r\u00e9seau avec les diff\u00e9rents services intervenants aupr\u00e8s des personnes<\/li>\n                      <li class=\"ql-indent-1\">Des interventions 7 jours sur 7<\/li>\n                      <li class=\"ql-indent-1\">Une association ayant une exp\u00e9rience de soins \u00e0 domicile depuis plus de 60 ans.<\/li>\n                    <\/ul>\n                  <\/div>\n                <\/div>\n                <div data-colibri-id=\"117-c10\" class=\"h-text h-text-component style-718 style-local-117-c10 position-relative h-element\">\n                  <!---->\n                  <!---->\n                  <div class=\"\">\n                    <p><strong>Vous pouvez soutenir l\u2019association en adh\u00e9rant en participant \u00e0 la vie associative-<\/strong><\/p>\n                  <\/div>\n                <\/div>\n              <\/div>\n            <\/div>\n          <\/div>\n        <\/div>\n      <\/div>\n      <div data-colibri-id=\"117-c15\" class=\"h-row-container gutters-row-lg-2 gutters-row-md-2 gutters-row-0 gutters-row-v-lg-2 gutters-row-v-md-2 gutters-row-v-2 style-751 style-local-117-c15 position-relative\">\n        <!---->\n        <div class=\"h-row justify-content-lg-center justify-content-md-center justify-content-center align-items-lg-stretch align-items-md-stretch align-items-stretch gutters-col-lg-2 gutters-col-md-2 gutters-col-0 gutters-col-v-lg-2 gutters-col-v-md-2 gutters-col-v-2\">\n          <!---->\n          <div class=\"h-column h-column-container d-flex h-col-lg-auto h-col-md-auto h-col-auto style-752-outer style-local-117-c16-outer\">\n            <div data-colibri-id=\"117-c16\" class=\"d-flex h-flex-basis h-column__inner h-px-lg-2 h-px-md-2 h-px-2 v-inner-lg-2 v-inner-md-2 v-inner-2 style-752 style-local-117-c16 position-relative\">\n              <!---->\n              <!---->\n              <div class=\"w-100 h-y-container h-column__content h-column__v-align flex-basis-100 align-self-lg-start align-self-md-start align-self-start\">\n                <!---->\n                <div data-colibri-id=\"117-c18\" class=\"d-block style-754 style-local-117-c18 position-relative h-element\">\n                  <!---->\n                  <div class=\"h-image__frame-container-outer\">\n                    <div class=\"h-image__frame-container\">\n                      <!---->\n                      <!---->\n                      <img loading=\"lazy\" decoding=\"async\" width=\"500\" height=\"500\" src=\"https:\/\/csi-dijon.fr\/wp-content\/uploads\/2024\/06\/cropped-cropped-esus.png\" class=\"wp-image-937 style-754-image style-local-117-c18-image\" alt=\"\" srcset=\"https:\/\/csi-dijon.fr\/wp-content\/uploads\/2024\/06\/cropped-cropped-esus.png 500w, https:\/\/csi-dijon.fr\/wp-content\/uploads\/2024\/06\/cropped-cropped-esus-300x300.png 300w, https:\/\/csi-dijon.fr\/wp-content\/uploads\/2024\/06\/cropped-cropped-esus-150x150.png 150w\" sizes=\"auto, (max-width: 500px) 100vw, 500px\" \/>\n                      <div class=\"h-image__frame h-hide-lg h-hide-md h-hide-sm style-754-frameImage style-local-117-c18-frameImage\"><\/div>\n                    <\/div>\n                  <\/div>\n                <\/div>\n              <\/div>\n            <\/div>\n          <\/div>\n        <\/div>\n      <\/div>\n    <\/div>\n  <\/div>\n  <div data-colibri-component=\"section\" data-colibri-id=\"117-c11\" id=\"custom\" class=\"h-section h-section-global-spacing d-flex align-items-lg-center align-items-md-center align-items-center style-719 style-local-117-c11 position-relative\">\n    <!---->\n    <!---->\n    <div class=\"h-section-grid-container h-section-boxed-container\">\n      <!---->\n      <div data-colibri-id=\"117-c12\" class=\"h-row-container gutters-row-lg-2 gutters-row-md-2 gutters-row-0 gutters-row-v-lg-2 gutters-row-v-md-2 gutters-row-v-2 style-720 style-local-117-c12 position-relative\">\n        <!---->\n        <div class=\"h-row justify-content-lg-center justify-content-md-center justify-content-center align-items-lg-stretch align-items-md-stretch align-items-stretch gutters-col-lg-2 gutters-col-md-2 gutters-col-0 gutters-col-v-lg-2 gutters-col-v-md-2 gutters-col-v-2\">\n          <!---->\n          <div class=\"h-column h-column-container d-flex h-col-lg-auto h-col-md-auto h-col-auto style-721-outer style-local-117-c13-outer\">\n            <div data-colibri-id=\"117-c13\" class=\"d-flex h-flex-basis h-column__inner h-px-lg-2 h-px-md-2 h-px-2 v-inner-lg-2 v-inner-md-2 v-inner-2 style-721 style-local-117-c13 position-relative\">\n              <!---->\n              <!---->\n              <div class=\"w-100 h-y-container h-column__content h-column__v-align flex-basis-100 align-self-lg-start align-self-md-start align-self-start\">\n                <!---->\n                <div data-colibri-id=\"117-c14\" class=\"d-block style-722 style-local-117-c14 position-relative h-element\">\n                  <!---->\n                  <div class=\"h-image__frame-container-outer\">\n                    <div class=\"h-image__frame-container\">\n                      <!---->\n                      <!---->\n                      <img loading=\"lazy\" decoding=\"async\" width=\"459\" height=\"94\" src=\"https:\/\/csi-dijon.fr\/wp-content\/uploads\/2020\/10\/cropped-Logo-partenaires.jpg\" class=\"wp-image-615 style-722-image style-local-117-c14-image\" alt=\"\" srcset=\"https:\/\/csi-dijon.fr\/wp-content\/uploads\/2020\/10\/cropped-Logo-partenaires.jpg 459w, https:\/\/csi-dijon.fr\/wp-content\/uploads\/2020\/10\/cropped-Logo-partenaires-300x61.jpg 300w\" sizes=\"auto, (max-width: 459px) 100vw, 459px\" \/>\n                      <div class=\"h-image__frame h-hide-lg h-hide-md h-hide-sm style-722-frameImage style-local-117-c14-frameImage\"><\/div>\n                    <\/div>\n                  <\/div>\n                <\/div>\n              <\/div>\n            <\/div>\n          <\/div>\n        <\/div>\n      <\/div>\n    <\/div>\n  <\/div>\n<\/div>","protected":false},"excerpt":{"rendered":"<p>Implant\u00e9e \u00e0 Dijon, et dans son agglom\u00e9ration, depuis 1954, l&rsquo;association CAP SANT\u00c9 INTERVENTIONS (ex Centres de Soins Infirmiers) est une structure \u00e0 but non lucratif (association loi de 1901), qui \u0153uvre dans le cadre de l\u2019\u00c9conomie Sociale et Solidaire Une \u00e9quipe de professionnels de sant\u00e9 dipl\u00f4m\u00e9s&nbsp;: Infirmiers(\u00e8res), aides-soignants(tes), aides-m\u00e9dico-psychologiques, assistantes en soins g\u00e9rontologiques (sp\u00e9cialis\u00e9es dans [&hellip;]<\/p>\n","protected":false},"author":1,"featured_media":0,"parent":0,"menu_order":5,"comment_status":"closed","ping_status":"closed","template":"page-templates\/full-width-page.php","meta":{"footnotes":""},"class_list":["post-117","page","type-page","status-publish","hentry"],"_links":{"self":[{"href":"https:\/\/csi-dijon.fr\/index.php\/wp-json\/wp\/v2\/pages\/117","targetHints":{"allow":["GET"]}}],"collection":[{"href":"https:\/\/csi-dijon.fr\/index.php\/wp-json\/wp\/v2\/pages"}],"about":[{"href":"https:\/\/csi-dijon.fr\/index.php\/wp-json\/wp\/v2\/types\/page"}],"author":[{"embeddable":true,"href":"https:\/\/csi-dijon.fr\/index.php\/wp-json\/wp\/v2\/users\/1"}],"replies":[{"embeddable":true,"href":"https:\/\/csi-dijon.fr\/index.php\/wp-json\/wp\/v2\/comments?post=117"}],"version-history":[{"count":15,"href":"https:\/\/csi-dijon.fr\/index.php\/wp-json\/wp\/v2\/pages\/117\/revisions"}],"predecessor-version":[{"id":939,"href":"https:\/\/csi-dijon.fr\/index.php\/wp-json\/wp\/v2\/pages\/117\/revisions\/939"}],"wp:attachment":[{"href":"https:\/\/csi-dijon.fr\/index.php\/wp-json\/wp\/v2\/media?parent=117"}],"curies":[{"name":"wp","href":"https:\/\/api.w.org\/{rel}","templated":true}]}}